posite?
False
Is 1754346565 composite?
True
Is 128669938871 composite?
True
Is 221471477 composite?
True
Is 1232251913 prime?
False
Is 7253185193 a composite number?
False
Is 15685954327 a prime number?
True
Is 6827243113 composite?
True
Is 1339113859 prime?
True
Is 2117073463 a prime number?
True
Is 536551481 prime?
True
Is 71958785947 a prime number?
False
Is 24981055877 a composite number?
True
Is 5955641683 a composite number?
True
Is 19192656983 a prime number?
False
Is 92265612391 prime?
False
Is 32097817 a composite number?
False
Is 131182060817 prime?
True
Is 1732926911 a prime number?
True
Is 2546919231 prime?
False
Is 1113527423 a prime number?
True
Is 25505492381 prime?
False
Is 6054379 composite?
False
Is 27676209871 composite?
False
Is 5987938213 composite?
False
Is 1786115917 composite?
False
Is 17092684594 a composite number?
True
Is 28164075859 prime?
False
Is 34078637051 a prime number?
True
Is 23749627567 a prime number?
True
Is 71706457 a prime number?
True
Is 251228897 prime?
False
Is 7162135159 prime?
False
Is 20254368557 a prime number?
False
Is 1180692577 prime?
True
Is 1602543181 a composite number?
False
Is 73911973 a composite number?
False
Is 154463 a composite number?
True
Is 12449663713 composite?
True
Is 18675397021 a composite number?
True
Is 60455268197 a prime number?
True
Is 9584156357 a composite number?
True
Is 441863047 composite?
False
Is 281177723 a composite number?
False
Is 27874359169 a composite number?
False
Is 1458338029 prime?
False
Is 516565429 prime?
False
Is 11531785411 prime?
True
Is 2343863099 composite?
False
Is 537158897 composite?
True
Is 1464857699 prime?
True
Is 9270097249 composite?
True
Is 3744198503 composite?
False
Is 148680331 prime?
False
Is 563365843 a composite number?
True
Is 1653340589 a prime number?
True
Is 80737313 a prime number?
True
Is 13089699691 a composite number?
True
Is 50960840657 a prime number?
True
Is 44589269 a composite number?
True
Is 1003848401 a prime number?
True
Is 1548092929 composite?
False
Is 6073489771 composite?
True
Is 510400831 a prime number?
False
Is 16012211489 composite?
False
Is 4076539 a composite number?
True
Is 4438517371 a composite number?
True
Is 25168499357 a prime number?
True
Is 864158311 a prime number?
True
Is 40961637593 a composite number?
False
Is 112605611893 prime?
False
Is 141687840443 prime?
True
Is 112819840167 prime?
False
Is 67035931 a composite number?
False
Is 359651291 a composite number?
False
Is 3448500353 composite?
False
Is 45106854343 prime?
True
Is 107635603 prime?
True
Is 33507261377 prime?
True
Is 65148833 prime?
True
Is 35909497033 a composite number?
False
Is 15380054611 a prime number?
True
Is 4189353059 a prime number?
False
Is 10136534279 prime?
False
Is 57006776291 composite?
True
Is 11309569351 composite?
False
Is 26403413567 composite?
True
Is 49116179087 composite?
True
Is 907625534 a composite number?
True
Is 598505057 a prime number?
False
Is 1127314481 a composite number?
True
Is 3849411683 composite?
True
Is 1427757403 a composite number?
True
Is 1975456919 prime?
False
Is 7861115593 composite?
False
Is 5371600001 a composite number?
True
Is 602934511 a composite number?
True
Is 1302466927 prime?
True
Is 64680587761 prime?
False
Is 730748593 a composite number?
True
Is 951848635 a prime number?
False
Is 541285949 prime?
True
Is 493059353 a prime number?
True
Is 1315916869 prime?
False
Is 13560715529 composite?
False
Is 31314996929 prime?
False
Is 1684310699 composite?
True
Is 1667552039 a prime number?
True
Is 1200621553 a composite number?
False
Is 2971857547 a prime number?
True
Is 1311956741 a composite number?
False
Is 912239651 a composite number?
True
Is 836085839 prime?
True
Is 4223109179 a prime number?
False
Is 361904441 a prime number?
False
Is 186978667 prime?
True
Is 20539709369 composite?
True
Is 34185735407 a prime number?
True
Is 12282393727 prime?
False
Is 10417152071 prime?
False
Is 2655896897 prime?
True
Is 54608441 a prime number?
False
Is 71433031909 a prime number?
False
Is 88239904639 prime?
False
Is 13575472921 a prime number?
True
Is 906054473 a composite number?
False
Is 40904958533 a prime number?
False
Is 10841692417 composite?
True
Is 39925909733 a composite number?
False
Is 5904795151 a prime number?
False
Is 1820405459 composite?
False
Is 116966359 composite?
False
Is 2903842859 composite?
False
Is 2487054719 a composite number?
True
Is 246995591 a prime number?
False
Is 100766531 composite?
True
Is 44645417113 a prime number?
False
Is 50204447 a prime number?
False
Is 62215715321 prime?
True
Is 34463047219 a prime number?
True
Is 1660695581 a composite number?
True
Is 16850243701 prime?
False
Is 29520978637 a composite number?
False
Is 141684503 a prime number?
True
Is 147943106777 composite?
False
Is 389839669 a prime number?
False
Is 8229767131 a composite number?
True
Is 17646878213 a prime number?
True
Is 835013657 composite?
False
Is 2586259349 a composite number?
False
Is 50881405693 a composite number?
False
Is 130555937 composite?
True
Is 3595180063 a composite number?
False
Is 175896843 a prime number?
False
Is 1645060687 a prime number?
False
Is 10688372909 a prime number?
False
Is 18630252899 a composite number?
True
Is 17221429 a prime number?
False
Is 228805183 a composite number?
False
Is 689334253 composite?
False
Is 16384613239 a composite number?
False
Is 4125050183 a composite number?
True
Is 404991691 a prime number?
False
Is 9938679857 prime?
True
Is 6963786719 prime?
True
Is 3068689423 a composite number?
False
Is 747260489 a composite number?
False
Is 26986026019 a composite number?
True
Is 849594377 a composite number?
False
Is 10120123589 composite?
False
Is 14957801269 a composite number?
False
Is 86031560281 a composite number?
True
Is 5313260423 composite?
False
Is 9905998913 a prime number?
True
Is 36171578917 a composite number?
True
Is 12831229277 a prime number?
False
Is 56364464753 a composite number?
True
Is 6206468707 prime?
True
Is 183990941873 a composite number?
True
Is 15521461421 composite?
True
Is 82643555 a composite number?
True
Is 3010247131 composite?
False
Is 4719565691 composite?
False
Is 191476422737 prime?
False
Is 90380371 a composite number?
True
Is 123024241 composite?
True
Is 348754187 a composite number?
True
Is 399859981 a composite number?
True
Is 1671709573 a prime number?
True
Is 1280916649 a prime number?
True
Is 10452352061 composite?
False
Is 4316021533 prime?
False
Is 60469049291 prime?
False
Is 6496062221 prime?
False
Is 11346400061 a composite number?
False
Is 7666079167 a prime number?
True
Is 4072946443 a composite number?
False
Is 7897131173 composite?
True
Is 112015507249 a composite number?
True
Is 30125589749 prime?
True
Is 16687224719 composite?
True
Is 11453150683 a composite number?
True
Is 54862794163 a prime number?
True
Is 40638841211 a composite number?
True
Is 26364541571 composite?
True
Is 93266368831 a prime number?
True
Is 2494632809 prime?
False
Is 32791806911 prime?
False
Is 18213532067 composite?
False
Is 217603277 a prime number?
False
Is 2024155739 composite?
True
Is 83387039713 a prime number?
False
Is 1403424863 a prime number?
True
Is 104803807 composite?
True
Is 44045290831 composite?
False
Is 15292656241 a prime number?
True
Is 132741103261 composite?
True
Is 54761060599 prime?
False
Is 136295750347 prime?
False
Is 46504071667 prime?
True
Is 366934637 composite?
True
Is 2392939 composite?
False
Is 60163446587 composite?
False
Is 245457397 a prime number?
True
Is 630509587 composite?
True
Is 1372827647 composite?
False
Is 3822237289 a prime number?
False
Is 2184343543 composite?
False
Is 18717356663 prime?
False
Is 1170367031 prime?
False
Is 109972117193 prime?
True
Is 37736223307 a composite number?
False
Is 1128939299 composite?
False
Is 2727915533 prime?
False
Is 6969859706 a prime number?
False
Is 1108435417 prime?
True
Is 309678293 prime?
True
Is 17684171311 a composite number?
False
Is 3394993813 a composite number?
False
Is 113297028623 composite?
True
Is 39751986187 composite?
False
Is 1271812249 composite?
False
Is 26229736627 a prime number?
True
Is 16011767021 a prime number?
True
Is 121320779 prime?
True
Is 1823639603 prime?
False
Is 2402921669 prime?
True
Is 1227583